{"id":165,"date":"2023-04-20T16:41:05","date_gmt":"2023-04-20T14:41:05","guid":{"rendered":"https:\/\/www.reuderb-reinigung.de\/?page_id=165"},"modified":"2023-04-20T16:52:08","modified_gmt":"2023-04-20T14:52:08","slug":"facility-management","status":"publish","type":"page","link":"https:\/\/www.reuderb-reinigung.de\/?page_id=165","title":{"rendered":"Facility Management"},"content":{"rendered":"\n<figure class=\"wp-block-pullquote\"><blockquote><p>&#8222;Eine effektive Facility Management-Strategie ist entscheidend f\u00fcr den Erfolg eines Unternehmens, da sie dazu beitr\u00e4gt, eine effiziente und produktive Arbeitsumgebung zu schaffen.&#8220;<\/p><cite>&#8211; reuderb<\/cite><\/blockquote><\/figure>\n\n\n\n<div class=\"wp-block-columns is-layout-flex wp-container-core-columns-is-layout-28f84493 wp-block-columns-is-layout-flex\">\n<div class=\"wp-block-column is-vertically-aligned-center is-layout-flow wp-block-column-is-layout-flow\">\n<h2 class=\"wp-block-heading\">Facility Management<\/h2>\n<\/div>\n\n\n\n<div class=\"wp-block-column is-layout-flow wp-block-column-is-layout-flow\">\n<p>Als erfahrenes Facility Management-Unternehmen bieten wir unseren Kunden eine umfassende Palette an Dienstleistungen, die von der Planung und Implementierung bis hin zur regelm\u00e4\u00dfigen Wartung und Instandhaltung von Geb\u00e4uden und Anlagen reichen. Mit unserem Fachwissen und unserer Erfahrung sind wir in der Lage, die individuellen Bed\u00fcrfnisse unserer Kunden zu erf\u00fcllen und eine effektive und effiziente Arbeitsumgebung zu schaffen. Wir streben kontinuierlich danach, unseren Kunden erstklassige Dienstleistungen anzubieten und ihre Erwartungen zu \u00fcbertreffen.<\/p>\n<\/div>\n<\/div>\n\n\n\n<div class=\"wp-block-group alignfull is-layout-constrained wp-container-core-group-is-layout-e555385e wp-block-group-is-layout-constrained\">\n<main class=\"wp-block-group alignfull no-margin no-padding has-background-background-color has-background is-layout-constrained wp-container-core-group-is-layout-2d60acc0 wp-block-group-is-layout-constrained\" style=\"padding-top:80px;padding-right:30px;padding-bottom:80px;padding-left:30px\">\n<figure class=\"wp-block-gallery alignwide has-nested-images columns-default is-cropped wp-block-gallery-1 is-layout-flex wp-block-gallery-is-layout-flex\">\n<figure class=\"wp-block-image size-large\"><img loading=\"lazy\" decoding=\"async\" width=\"1024\" height=\"681\" data-id=\"140\" src=\"https:\/\/www.reuderb-reinigung.de\/wp-content\/uploads\/2023\/04\/people-taking-care-office-cleaning-2-1-1024x681.jpg\" alt=\"\" class=\"wp-image-140\" srcset=\"https:\/\/www.reuderb-reinigung.de\/wp-content\/uploads\/2023\/04\/people-taking-care-office-cleaning-2-1-1024x681.jpg 1024w, https:\/\/www.reuderb-reinigung.de\/wp-content\/uploads\/2023\/04\/people-taking-care-office-cleaning-2-1-300x200.jpg 300w, https:\/\/www.reuderb-reinigung.de\/wp-content\/uploads\/2023\/04\/people-taking-care-office-cleaning-2-1-768x511.jpg 768w, https:\/\/www.reuderb-reinigung.de\/wp-content\/uploads\/2023\/04\/people-taking-care-office-cleaning-2-1-1536x1022.jpg 1536w, https:\/\/www.reuderb-reinigung.de\/wp-content\/uploads\/2023\/04\/people-taking-care-office-cleaning-2-1-2048x1362.jpg 2048w\" sizes=\"auto, (max-width: 1024px) 100vw, 1024px\" \/><\/figure>\n\n\n\n<figure class=\"wp-block-image size-large\"><img loading=\"lazy\" decoding=\"async\" width=\"1024\" height=\"681\" data-id=\"138\" src=\"https:\/\/www.reuderb-reinigung.de\/wp-content\/uploads\/2023\/04\/people-taking-care-office-cleaning-3-1-1024x681.jpg\" alt=\"\" class=\"wp-image-138\" srcset=\"https:\/\/www.reuderb-reinigung.de\/wp-content\/uploads\/2023\/04\/people-taking-care-office-cleaning-3-1-1024x681.jpg 1024w, https:\/\/www.reuderb-reinigung.de\/wp-content\/uploads\/2023\/04\/people-taking-care-office-cleaning-3-1-300x200.jpg 300w, https:\/\/www.reuderb-reinigung.de\/wp-content\/uploads\/2023\/04\/people-taking-care-office-cleaning-3-1-768x511.jpg 768w, https:\/\/www.reuderb-reinigung.de\/wp-content\/uploads\/2023\/04\/people-taking-care-office-cleaning-3-1-1536x1022.jpg 1536w, https:\/\/www.reuderb-reinigung.de\/wp-content\/uploads\/2023\/04\/people-taking-care-office-cleaning-3-1-2048x1363.jpg 2048w\" sizes=\"auto, (max-width: 1024px) 100vw, 1024px\" \/><\/figure>\n\n\n\n<figure class=\"wp-block-image size-large\"><img loading=\"lazy\" decoding=\"async\" width=\"1024\" height=\"681\" data-id=\"139\" src=\"https:\/\/www.reuderb-reinigung.de\/wp-content\/uploads\/2023\/04\/person-taking-care-office-cleaning-1024x681.jpg\" alt=\"\" class=\"wp-image-139\" srcset=\"https:\/\/www.reuderb-reinigung.de\/wp-content\/uploads\/2023\/04\/person-taking-care-office-cleaning-1024x681.jpg 1024w, https:\/\/www.reuderb-reinigung.de\/wp-content\/uploads\/2023\/04\/person-taking-care-office-cleaning-300x200.jpg 300w, https:\/\/www.reuderb-reinigung.de\/wp-content\/uploads\/2023\/04\/person-taking-care-office-cleaning-768x511.jpg 768w, https:\/\/www.reuderb-reinigung.de\/wp-content\/uploads\/2023\/04\/person-taking-care-office-cleaning-1536x1022.jpg 1536w, https:\/\/www.reuderb-reinigung.de\/wp-content\/uploads\/2023\/04\/person-taking-care-office-cleaning-2048x1363.jpg 2048w\" sizes=\"auto, (max-width: 1024px) 100vw, 1024px\" \/><\/figure>\n<\/figure>\n<\/main>\n<\/div>\n\n\n\n<div class=\"wp-block-columns is-layout-flex wp-container-core-columns-is-layout-28f84493 wp-block-columns-is-layout-flex\">\n<div class=\"wp-block-column is-vertically-aligned-center is-layout-flow wp-block-column-is-layout-flow\">\n<h2 class=\"wp-block-heading\">Planung und Implementierung<\/h2>\n<\/div>\n\n\n\n<div class=\"wp-block-column is-layout-flow wp-block-column-is-layout-flow\">\n<p>Wir unterst\u00fctzen unsere Kunden bei der Planung und Umsetzung von Facility-Management-Strategien, um eine reibungslose und effiziente Arbeitsumgebung zu schaffen. Dazu geh\u00f6ren die Definition von Zielen und Anforderungen, die Entwicklung von Konzepten und die Erstellung von Umsetzungspl\u00e4nen.<\/p>\n<\/div>\n<\/div>\n\n\n\n<div class=\"wp-block-columns is-layout-flex wp-container-core-columns-is-layout-28f84493 wp-block-columns-is-layout-flex\">\n<div class=\"wp-block-column is-layout-flow wp-block-column-is-layout-flow\">\n<p>Wir bieten eine umfassende Palette an Instandhaltungs- und Wartungsdienstleistungen, um die einwandfreie Funktionalit\u00e4t der Geb\u00e4ude- und Anlagenausstattung sicherzustellen.<\/p>\n<\/div>\n\n\n\n<div class=\"wp-block-column is-vertically-aligned-center is-layout-flow wp-block-column-is-layout-flow\">\n<h2 class=\"wp-block-heading\">Instandhaltung &amp; Wartung<\/h2>\n<\/div>\n<\/div>\n\n\n\n<div class=\"wp-block-columns is-layout-flex wp-container-core-columns-is-layout-28f84493 wp-block-columns-is-layout-flex\">\n<div class=\"wp-block-column is-vertically-aligned-center is-layout-flow wp-block-column-is-layout-flow\">\n<h2 class=\"wp-block-heading\">Energie- &amp; Umweltmanagement<\/h2>\n<\/div>\n\n\n\n<div class=\"wp-block-column is-layout-flow wp-block-column-is-layout-flow\">\n<p>Wir unterst\u00fctzen unsere Kunden bei der Optimierung der Energieeffizienz und der Implementierung umweltfreundlicher Strategien, um den \u00f6kologischen Fu\u00dfabdruck zu minimieren.<\/p>\n<\/div>\n<\/div>\n\n\n\n<div class=\"wp-block-columns is-layout-flex wp-container-core-columns-is-layout-28f84493 wp-block-columns-is-layout-flex\">\n<div class=\"wp-block-column is-layout-flow wp-block-column-is-layout-flow\">\n<p>Wir stellen sicher, dass unsere Kunden den geltenden Sicherheits- und Gesundheitsvorschriften entsprechen, um eine sichere Arbeitsumgebung zu schaffen. Dazu geh\u00f6ren die \u00dcberpr\u00fcfung der Sicherheitsausr\u00fcstung, die Durchf\u00fchrung von Schulungen und die Implementierung von Notfallpl\u00e4nen.<\/p>\n<\/div>\n\n\n\n<div class=\"wp-block-column is-vertically-aligned-center is-layout-flow wp-block-column-is-layout-flow\">\n<h2 class=\"wp-block-heading\">Sicherheit &amp; Gesundheit<\/h2>\n<\/div>\n<\/div>\n\n\n\n<div class=\"wp-block-cover alignfull\"><span aria-hidden=\"true\" class=\"wp-block-cover__background has-dark-blue-background-color has-background-dim-90 has-background-dim\"><\/span><img decoding=\"async\" class=\"wp-block-cover__image-background wp-image-1118\" alt=\"\" src=\"https:\/\/www.reuderb-reinigung.de\/wp-content\/themes\/paloma-fse\/assets\/images\/cta-banner.jpg\" style=\"object-position:53% 26%\" data-object-fit=\"cover\" data-object-position=\"53% 26%\"\/><div class=\"wp-block-cover__inner-container is-layout-flow wp-block-cover-is-layout-flow\">\n<div class=\"wp-block-group alignwide is-layout-constrained wp-block-group-is-layout-constrained\">\n<div class=\"wp-block-group alignfull has-background-color has-text-color is-layout-constrained wp-container-core-group-is-layout-2a9cb287 wp-block-group-is-layout-constrained\" style=\"padding-top:150px;padding-bottom:150px\">\n<h2 class=\"wp-block-heading alignfull has-text-align-center\" style=\"font-size:4.5rem\">Lassen Sie uns gemeinsam f\u00fcr Sauberkeit und Wohlbefinden sorgen!<\/h2>\n\n\n\n<div class=\"wp-block-group is-layout-flow wp-container-core-group-is-layout-7fc58d7a wp-block-group-is-layout-flow\" style=\"padding-top:10px\">\n<div class=\"wp-block-buttons is-content-justification-center is-layout-flex wp-container-core-buttons-is-layout-660f9ef0 wp-block-buttons-is-layout-flex\" style=\"margin-top:40px\">\n<div class=\"wp-block-button\"><a class=\"wp-block-button__link wp-element-button\">Jetzt Kontaktieren<\/a><\/div>\n<\/div>\n<\/div>\n<\/div>\n<\/div>\n<\/div><\/div>\n","protected":false},"excerpt":{"rendered":"<p>&#8222;Eine effektive Facility Management-Strategie ist entscheidend f\u00fcr den Erfolg eines Unternehmens, da sie dazu beitr\u00e4gt, [&hellip;]<\/p>\n","protected":false},"author":1,"featured_media":0,"parent":0,"menu_order":0,"comment_status":"closed","ping_status":"closed","template":"page-no-title","meta":{"footnotes":""},"class_list":["post-165","page","type-page","status-publish","hentry"],"_links":{"self":[{"href":"https:\/\/www.reuderb-reinigung.de\/index.php?rest_route=\/wp\/v2\/pages\/165","targetHints":{"allow":["GET"]}}],"collection":[{"href":"https:\/\/www.reuderb-reinigung.de\/index.php?rest_route=\/wp\/v2\/pages"}],"about":[{"href":"https:\/\/www.reuderb-reinigung.de\/index.php?rest_route=\/wp\/v2\/types\/page"}],"author":[{"embeddable":true,"href":"https:\/\/www.reuderb-reinigung.de\/index.php?rest_route=\/wp\/v2\/users\/1"}],"replies":[{"embeddable":true,"href":"https:\/\/www.reuderb-reinigung.de\/index.php?rest_route=%2Fwp%2Fv2%2Fcomments&post=165"}],"version-history":[{"count":4,"href":"https:\/\/www.reuderb-reinigung.de\/index.php?rest_route=\/wp\/v2\/pages\/165\/revisions"}],"predecessor-version":[{"id":169,"href":"https:\/\/www.reuderb-reinigung.de\/index.php?rest_route=\/wp\/v2\/pages\/165\/revisions\/169"}],"wp:attachment":[{"href":"https:\/\/www.reuderb-reinigung.de\/index.php?rest_route=%2Fwp%2Fv2%2Fmedia&parent=165"}],"curies":[{"name":"wp","href":"https:\/\/api.w.org\/{rel}","templated":true}]}}